the value of -736 - -736 - (2 + -6 + -2 + 1)?
5
What is (16 - (-14 - -39)) + (-3 + 10 - 1)?
-3
What is the value of 1 - (-3 + 18 + (-12 - -19))?
-21
Calculate 9 - (4 + -13) - 22.
-4
Calculate 353 - 372 - (-9 + 1).
-11
-7 + -8 + 1 + -3 - -5
-12
Calculate 0 + (-1 - -5) + -48 + 49 - 4.
1
Calculate (0 - -3) + -34 + 36 + 9.
14
-19 + (-5 - (-16 + 3) - 1)
-12
What is the value of (-2 - (20 + -35)) + 26?
39
Evaluate -7 + 4 + -2 - -14.
9
What is the value of (1 - -18) + -26 + (21 - -3)?
17
What is -27 + (26 - (-13 - -23))?
-11
Calculate -4 + -17 - (-10 + 13).
-24
Evaluate -4 + -5 + (-5 - -7 - -4).
-3
What is the value of -6 + (-7 - -11) + (-2 - 11) + 4?
-11
1 - (16 - (13 + -1))
-3
Evaluate 4 - (0 - -19 - 7).
-8
Evaluate 10 + (-8 - (0 - -3)).
-1
Evaluate (-2 - -12) + -47 + 38.
1
What is the value of -1 - (-10 + (0 - (5 - 12)) + -4)?
6
What is 16 + -13 + 3 + -20?
-14
Evaluate (-5 + 5 - 6) + -11 + -3 + 26.
6
Evaluate -2 + 24 - ((20 - 20) + 8).
14
What is the value of 3 + -4 + (-6 - (-30 + 4 + 7))?
12
Calculate -22 + (20 - -3) + -7 - (12 + -1).
-17
Evaluate (-5 - -5) + 3 - (-14 + 44) - -9.
-18
Calculate -1 - -2 - (-21 + 18) - (-3 - -5).
2
What is (13 - 34) + (17 - -2)?
-2
Calculate -17 - (5 + (-4 - (0 + -1))) - -6.
-13
What is -2 + 1 - (5 + -5) - (9 + -5)?
-5
What is 13 + (15 - 24) + (14 + 0 - 2)?
16
Evaluate -10 - -5 - 0 - (11 + -20).
4
(0 - -4 - -2) + (-13 - -2) + -1
-6
What is 54 - (-23 + (-29 - -81))?
25
Evaluate 0 + -1 + 33 + -25 - -6.
13
Evaluate -14 + (46 + -12 - 19).
1
Evaluate -13 + (-9 - -10) + 1 + 14.
3
What is -5 - (3 - (6 - (1 - -9)) - -5)?
-17
Calculate (-12 - -9) + (3 + 1 - (0 - 1)).
2
5 - ((-4 - (2 - (-5 - -9))) + 3)
4
What is 26 + -52 - -48 - 39?
-17
What is the value of 20 + (-5 - (0 + -6)) + -5?
16
Calculate (8 - -8) + -13 + (-3 - 0) + 13.
13
What is 3 - (3 + 6 + 9 - 13)?
-2
Evaluate (-7 + 10 - -8) + 8 + (7 - 5).
21
Evaluate (-5 - -26) + -9 + -23.
-11
Evaluate 73 + -33 + -19 + -24.
-3
What is the value of -6 + 9 + -4 + 12?
11
-453 + 455 - (-26 + (0 - 4))
32
Calculate 0 + 7 + (-4 - 28 - (42 - 61)).
-6
What is the value of (-5 - (4 + -18)) + -2 - 8 - -10?
9
What is the value of (6 - (-52 + 18)) + -28?
12
Evaluate 1 - -3 - (-17 - -15).
6
Evaluate -19 + (-2 + 1 - (-45 + 38)).
-13
Evaluate -1 - -23 - (1 - (-2 + -9 + 16)).
26
What is 7 + (-10 - -17 - 3)?
11
Evaluate 21 + -19 + (-17 - -3).
-12
What is (-3 - (7 - 3)) + 0?
-7
Calculate 6 + -9 + -1 - 1 - -6.
1
Calculate (64 - (8 - -48)) + 0 + 16.
24
What is the value of -47 - (11 + (-12 - 15))?
-31
1 + (-2 - 5) - (439 + -433)
-12
471 + -465 - (-2 + -3)
11
9 - 0 - (-6 + (23 - 19))
11
What is (0 + -6 + (-3 - -5) - -11) + -4?
3
What is -16 + -1 + 18 + -12?
-11
-22 + 17 + (9 - 13)
-9
Calculate (6 - 19) + (5 - 8).
-16
What is the value of 2 + 4 + (1 - -1 - 2) + -14?
-8
What is 5 - ((13 - 28) + 22)?
-2
(1 - 8 - (-87 - -81)) + -7
-8
What is 2 + -5 - (-1 + 2 + -3 + 0)?
-1
Calculate 2 - 0 - (-8 + -17 + 16).
11
Calculate (14 - 11 - 8) + -14 - 7.
-26
What is the value of -5 - ((-6 - (-4 - 9)) + 0 + -1)?
-11
Evaluate 1 + 10 + -19 - -16 - 6.
2
What is 0 + (-3 + 1 - (-1 + -1)) + 5?
5
What is 26 + -2 + 7 - (-6 + 19)?
18
What is the value of 8 - 27 - (-24 - 10)?
15
Calculate -10 - (2 - 16) - (5 - 2).
1
What is 5 - ((0 - (8 - 13)) + (1 - 2))?
1
Evaluate (-24 - -34) + 1 + (3 - 31).
-17
Calculate 6 + 0 - (0 - 28 - -37).
-3
Calculate (11 - -8 - 8) + 5 - 18.
-2
Evaluate (14 - 11) + 11 + (4 - 12).
6
Calculate -9 + (-1 - (-21 + 4)) - (0 - 1).
8
What is the value of 11 + -8 + -3 + 0 - (6 - 7)?
1
Calculate -18 + 14 + -5 + -3.
-12
What is the value of (-9 - 1) + 17 + -9 + 19?
17
What is 8 - ((5 + 1 - 10) + -1 + -1)?
14
Evaluate (-25 - (-3 + -14 + 21)) + -1.
-30
Evaluate -8 + 1 - -3 - -10.
6
Evaluate 20 - (12 - (-6 + 7)).
9
Evaluate 5 + (17 - 23) + (12 - 0).
11
Evaluate -4 - (-2 - -3 - ((31 - 10) + -1)).
15
(1 - (6 - (6 - 0)) - 4) + -10
-13
Evaluate 0 - (-1 + -25 + (5 - -5)).
16
What is the value of -1 + -30 - (20 - (22 - -7))?
-22
(-13 - -1) + 21 - (-2 + (-2 - 0))
13
Calculate -5 + -10 + 17 + -8.
-6
Evaluate -8 + 1 - (-45 + (7 - -15) - -44).
-28
Calculate -4 + (29 - 11) - 5.
9
What is 24 - (-8 - ((15 - (10 + 1)) + -11))?
25
Evaluate 21 + -37 + (8 - -1).
-7
What is 6 - (-6 - 1) - (-3 - 1) - 3?
14
What is the value of (-2 - (-19 + 9)) + -7 + -4?
-3
Calculate (-26 - 2) + (1 - -7 - (-182 - -190)).
-28
-7 - (-8 - (-7 + 50)) - (2 + 5)
37
Calculate (-32 - (-65 + 34)) + 3 + (2 - 1).
3
Calculate 16 + (-2 - -14) + -30.
-2
Evaluate (-7 - (2 - (-7 + (1 - -5)))) + 4.
-6
Calculate (-11 - 1) + 38 + (2 - 7).
21
What is the value of -24 - (-12 - -23 - 19)?
-16
Calculate -1 + 3 + -17 + (19 - -7).
11
What is -10 + (-7 + -3 + 11 - 5)?
-14
What is the value of 13 - (18 - 22 - -36)?
-19
What is (-4 - 11) + 10 - (-24 - (-1 - 0))?
18
-2 - (-1 - (-4 + 12 + -12))
-5
Calculate (-67 + 35 - -6) + 7.
-19
(7 + -15 - -12) + -10
-6
Calculate -4 + 11 + -2 + -7 + 12 - 31.
-21
What is the value of 1 + 19 + -11 + -4 + (3 - 1)?
7
What is the value of (-3 - (-22 + 14)) + -1 + (-8 - 3)?
-7
What is the value of -31 + (-6 - 2) + 20 - 6?
-25
(2 - (2 + 1)) + (-9 - (-3 + -11))
4
Calculate (11 - 22) + 8 - (1 - (1 - -17)).
14
What is -37 - -43 - 14 - (-1 + -26 + 2)?
17
What is (1 - (-1 - -2)) + -6 + 22 + 12?
28
Evaluate 9 - 3 - 1 - (-11 - -31).
-15
What is 4 - (7 + 4) - (2 - 11)?
2
Calculate (7 + 0 - 3) + (-5 - (33 - 41)).
7
(13 - 0) + -21 + 17
9
Calculate -3 + (7 - 13) + 4 - -11.
6
Calculate -10 + 5 + (23 - 1) + 36 + -40.
13
Evaluate (-1 - -13) + -21 + 1 - 0.
-8
Calculate 6 - -1 - (18 - (15 + (5 - -8))).
17
What is (-49 - 4) + (10 - 5) - (63 - 74)?
-37
-3 - (32 + -41) - 16
-10
-8 + -7 + 10 - -7
2
What is the value of (-17 + 19 - -20) + (-13 - 1)?
8
What is the value of 46 + (-45 - (-18 - 30) - (1 - -11))?
37
Evaluate 34 - 32 - (13 - (4 - 7)).
-14
(2 - 16) + 9 + (6 - 1 - 0)
0
Evaluate -1 - (17 + -9) - (10 + -16).
-3
What is -11 + 20 + -4 + -2 + -1?
2
Evaluate (-1 - (-4 + 6) - -4) + -2 + -6.
-7
Evaluate -25 + 42 - 33 - -32.
16
What is -32 + 10 + 15 + -9 + 0 + 0?
-16
Evaluate 4 + 10 + -30 + 8 + -9.
-17
What is -19 + 41 - 15 - 6?
1
What is 1 + -3 + 7 - (-11 - -10) - 0?
6
2 - (-10 + 16 - -6)
-10
What is the value of 11 + (-13 - (-3 - (-8 - -4))) + -6?
-9
What is 10 - (-3 - (13 - (12 + 15)))?
-1
What is the value of 6 + (-14 - -38 - 31)?
-1
96 + -111 - (2 + -28)
11
Evaluate 17 + 2 + (-89 - -87).
17
What is the value of -2 + (-3 - 2) - (-2 - 5)?
0
-1067 + 1091 + 0 + (3 - 8)
19
What is the value of -24 - (-11 + 15) - -15?
-13
What is -12 + 18 + (-3 - -4) + (-14 - -40)?
33
Evaluate (23 - 15) + (-4 - -3 - 0) + -3.
4
What is -19 + (-1 - 7) + 20?
-7
Evaluate -6 + (6 + -5 - -1 - (-3 + -2)).
1
-8 + (5 - 8 - -5 - -12)
6
Calculate 17 + (1 + -22 - 20).
-24
What is 4 - (-6 + 2) - (33 - (3 - 2))?
-24
What is -2 - (-38 + (-4 - -26))?
14
Evaluate 4 + 24 + (-11 - 3).
14
What is the value of -21 - (1 - (18 + -3))?
-7
(-3 - (2 - 10)) + (4 - (6 - -4))
-1
Calculate -12 + (0 - 8) + (-8 - -11) + 7.
-10
What is 6 - (10 + (1 - 1) - 13)?
9
7 - -2 - (2 - -1) - -1
7
Evaluate -10 + -30 + 1 + 22 + 7 + -1.
-11
-2 + (-8 + 9 - (0 - 0)) - -8
7
4 - (-16 - (-13 + -2)) - (2 + 19)
-16
Evaluate 109 + -112 - (-11 - -1) - (-2 - -4).
5
What is the value of 10 + -32 - -10 - -17?
5
Calculate 51 - (1 + 12 + 20).
18
What is the value of -13 - 6 - -9 - ((3 - -1) + -16)?
2
Calculate 0 + 24 + 12 + (-21 - -4).
19
Evaluate -187 - -200 - (10 + -1).
4
Calculate (-18 + -14 - -16) + 0.
-16
What is the value of 2 + -18 - (15 + -45)?
14
(0 - 25) + 26 + 0 + 2
3
Calculate (-3 - (1 - -2)) + 0 + 13 + -2.
5
Evaluate 4 - 30 - (-1 - 13).
-12
Calculate -26 - (-21 - -2) - 20.
-27
Evaluate (-15 - -41) + -42 - -2.
-14
What is 19 + -3 + -7 + 5?
14
(-7 - (8 + -16)) + -22 - -9
-12
What is (-1 - 21) + (-128 - -142)?
-8
Calculate 5 + 4 + (-15 - -12).
6
2 - (-2 - -2) - ((-22 - -38) + -36)
22
What is (5 + -12 - -16) + -5 - (0 + -2)?
6
What is -66 + 63 - (0 + 1 - (16 + -6))?
6
3 - (34 - -2) - (-20 - (-34 + 25))
-22
Calculate 11 - (32 + -70 - -31).
18
(-4 - (7 + -3 + -3)) + -21 + 16
-10
What is (-1 + -5 - -23) + 39 + -39?
17
What is the value of 51 - 52 - (0 + -20)?
19
What is 2 - (-27 - (-21 - -12))?
20
Evaluate -8 + 11 + (11 - 14).
0
What is (2 - 23) + 1035 + -1018?
-4
What is the value of 6 + -25 + 23 + -14?
-10
Calculate -30 - (-47 + -15 +